l(v) = -v**3 + 7*v**2 + 56*v - 22. Let f be l(-5). Suppose 24 = 6*r - 2*r. Let c(u) = -6 + 4 + r*u + 1. Calculate c(f).
-13
Let c(g) = 50*g**2 - 3*g + 2. Let p(b) = -43*b**2 + 3*b - 2. Let t(n) = -6*c(n) - 7*p(n). Calculate t(6).
20
Let i be 1076/10 + 4/10. Let h = -2250 - -2135. Let c = h + i. Let y(a) = a + 17. What is y(c)?
10
Let o(v) be the third derivative of v**5/60 - 10*v**3/3 - 308*v**2. Suppose 5*g + 7 - 32 = -4*r, 0 = -3*r + 5*g - 25. Determine o(r).
-20
Let a(p) = -p + 2. Let x be a(2). Let j be 152 - (10 + (-7 - 9)). Let v(u) = 150 + 0*u + u**2 + 0*u - j. Determine v(x).
-8
Let q = -18 - -21. Let u(k) be the first derivative of 3 + 1/2*k**2 - 1/3*k**3 + 4*k. Give u(q).
-2
Suppose 5*c = 4*k - 7, -3*k - 4*c = c - 14. Suppose -1 = -k*i + 14. Let y(o) = -1 - o**2 + i*o - 14*o + 11*o. What is y(1)?
0
Let z(s) = -2*s**2 - 14*s + 9. Suppose -2*q = -8 + 4, -3 = p - q. Let i(v) = v**2 + 2*v - 2. Let r(y) = p*z(y) - 3*i(y). Determine r(8).
-3
Let g(j) = -j - 3. Let f = -299 + 299. Suppose 10*r + 44 - 94 = f. What is g(r)?
-8
Let q(n) = 41*n**2 - 2*n + 1. Let i be q(-4). Let k be 3*i/84 + (-2)/(-8). Let y(g) = g**3 - 24*g**2 + g - 22. Give y(k).
2
Let u(r) = -4*r**3 + 2*r**2 - 6*r - 5. Let j(q) = -7*q**3 + 4*q**2 - 8*q - q**2 - 3*q - 8 + 0*q**2. Let k(g) = -3*j(g) + 5*u(g). Determine k(2).
17
Suppose 0 = -3*p + 6*p. Suppose p = 6*w - 2*w. Suppose w = -4*h + h - 21. Let q(j) = j**2 + 7*j - 10. Determine q(h).
-10
Suppose -1475 = -11*q + 1330. Let c(v) = 2 + 125*v + 3 - q*v + 123*v - 14. What is c(-3)?
12
Let c(s) = -3*s**2 + 4*s - 10. Let g(m) = -1. Suppose -14*r + 11*r + 3 = -3*q, 0 = -4*q. Let b(a) = r*c(a) - 6*g(a). Suppose u - 4 = -1. What is b(u)?
-19
Let p(j) = j**2 + 7*j - 17. Suppose -830*r = -840*r - 70. Calculate p(r).
-17
Let m(f) = -2*f**3 + 20*f**2 - 7*f + 4. Suppose -5*p + 5 = -12*t + 9*t, 0 = 2*t + 3*p - 41. Give m(t).
-66
Let d(r) = 2*r**3 + 2*r**2 + r + 2. Let a(z) = -z**2 - 7*z - 2. Let k = -10 - 44. Let f = -61 - k. Let s be a(f). Determine d(s).
-8
Let o(f) = f**3 + 3*f**2 + 5. Let k be 1794/(-414) - (-4)/(-6). Calculate o(k).
-45
Let r(n) be the second derivative of -1 + 1/6*n**4 + 0*n**2 - 2*n + 1/6*n**3. Suppose 6 = -3*j, 4*v + 10 + 4 = -3*j. Determine r(v).
6
Let p(u) = 23*u - 6. Suppose 64*c = 46*c + 72. What is p(c)?
86
Let f = -74 + 117. Let p = -41 + f. Let t(g) = -g**2 + g**p + g - 3 + 7 + g**2. What is t(0)?
4
Let i(l) = l**2 + 5*l - 6. Let a = 599 + -579. Suppose 8*x + a = 4*x. Determine i(x).
-6
Let o = 909 - 887. Let l(f) = f**3 - 7*f**2 + 7*f - 4. Let m be l(6). Let t(a) = 2*a**m + 10*a + 16*a - a**3 + 2 - o*a - 3. Calculate t(3).
2
Let o be 3*(-2 + 4/6). Let m = o + -1. Let r(c) = -10*c**2 + 30*c**2 + 7*c**2 + 6 - 13*c**2 - 13*c**2 + 6*c. Determine r(m).
1
Suppose b + 11*z - 6*z = 7, 0 = -2*b + z + 3. Suppose 46 = -16*m - b. Let f(l) = -4*l. What is f(m)?
12
Suppose 4*q - 2*q + 3*p + 2 = 0, 4*q + 20 = 2*p. Let s be 9 + ((-128)/(-4))/4. Let o(h) = 36*h - 10*h - 4 - 11*h - s*h. Calculate o(q).
4
Let r(k) = k**3 - 16*k**2 + 54*k - 69. Let t be r(12). Let c(i) = i + 4. Let o = 5 + -7. Let n(q) = q + 4. Let z(u) = o*n(u) + 3*c(u). Determine z(t).
7
Let k(l) = 7*l - 4. Suppose -4*f + 56 = -0*n + n, 4*n = 5*f - 49. Let v(r) = 3*r - 35. Let j be v(f). Calculate k(j).
24
Let v(d) be the second derivative of -2/3*d**3 + 15/2*d**2 + 0 + 121*d. Give v(5).
-5
Let b be 34/(-153) - 55/(-45). Suppose -2*s + b = 2*y - 19, 0 = 2*s + 5*y - 35. Let u(q) = -q**3 + 6*q**2 - 4*q. What is u(s)?
5
Let g(s) = -46*s**3 - s**2 - 4*s - 3. Let c be g(-2). Let v(l) = -2*l - c - l + 372. Give v(-8).
27
Let g(m) be the third derivative of 0*m + 0 - 1/8*m**4 + 1/3*m**3 - 1/30*m**5 - 71*m**2 + 1/120*m**6. Give g(3).
2
Let z(i) = -i**3 + 5*i**2 + i - 6. Let j be 6/(4*(-8)/208). Suppose -4*t = -5*m - 156, 5*t + 39 - 263 = -m. Let s = j + t. Calculate z(s).
-1
Let u(g) = -g - 6. Let h(w) = 0 - 2*w + 9*w - 14 - 6*w. Let x be h(7). What is u(x)?
1
Let d be (21/(-15) + 1 + 0)*10. Let i be (9 - (2 - -7))/(d/(-2)). Let h(s) = s + 12. Calculate h(i).
12
Let a(f) = -2*f + 1 - 3 + 0*f - f**2. Suppose 517*z - 261*z = 248*z - 16. Determine a(z).
-2
Let a be 6*5/((-30)/(-4)). Let x be 5 + (0/(-1) - a) + 2. Let q(b) = -5*b + 9. Calculate q(x).
-6
Let a(z) = -6*z**2 + 5*z - 5. Let c(h) be the third derivative of -h**5/12 + h**4/6 - 5*h**3/6 - 56*h**2. Let l(m) = 6*a(m) - 7*c(m). What is l(6)?
-19
Let x(z) = 28*z + 148. Suppose -40 = 4*s + 4*d, 9*s + 4*d = 10*s - 15. Let v be x(s). Let a(q) = -4*q + 2. Determine a(v).
-30
Let i(c) be the second derivative of -c**7/2520 - 7*c**6/720 + c**5/24 - c**4/12 - 3*c**2/2 - 123*c. Let u(a) be the third derivative of i(a). Give u(-8).
-3
Let q be 4/(-4 + 2 + 1). Let l(u) be the first derivative of 5*u**4/24 + 5*u**3/6 - 2*u**2 + 3. Let p(k) be the second derivative of l(k). Determine p(q).
-15
Let f(s) = -2*s - 4. Let i be f(-4). Let z(j) = 8*j + 26. Let v(x) = -2*x - 5. Let h(a) = 5*v(a) + z(a). What is h(i)?
-7
Let r(d) = -6 + 123066*d**2 - 123067*d**2 + 5*d - 4. Calculate r(4).
-6
Let n be (-12)/8 - 9/(-6). Let w be 2/6*(15 - n). Let x(k) be the third derivative of k**5/60 - 7*k**4/24 + k**3 - k**2. Calculate x(w).
-4
Suppose u - 6*u = -20, -o - 1 = u. Let i(m) = 628*m + 7*m**2 - 2063*m**3 - 620*m + 2064*m**3 + 3. Determine i(o).
13
Let u(l) = 5 + 6*l + 4*l + l**2 - 9*l - 2*l**2. Suppose a + 0*n - 16 = 3*n, 4*a - 94 = 2*n. Let j be (-1)/(a/10) - (-36)/(-10). Give u(j).
-15
Let x be 7*(8 - (-115)/(-35)). Let s(p) = -6*p - p**2 + x + 2*p**2 - 60 + 33. What is s(6)?
6
Let f(z) = -3*z + 1. Let k(h) = 3*h - 2 + 4 + 11*h**2 - 3*h + 2*h. Let o be k(-2). Suppose 14 = -7*t + o. Give f(t).
-11
Let r(i) = -i**3 + 2*i - 2. Let k = 476 - 475. What is r(k)?
-1
Let t(h) = h**3 + h**2. Let x = -24 - -25. Let g = 36 + -35. Let k(d) = -2*d**3 - 8*d**2 - d + 4. Let a(i) = g*t(i) + x*k(i). Give a(-7).
11
Let r(y) = -6*y**2 - 15*y + 10. Let k(z) = -z**2 + 2*z + 6. Let t(b) = -4*k(b) + r(b). What is t(-11)?
-3
Let c(d) = 2*d**2 - 12*d - 13. Let i(m) = m**2 - 13*m - 15. Let j(w) = 5*c(w) - 4*i(w). Let y(f) = -5*f**2 + 8*f + 7. Let o(t) = 4*j(t) + 5*y(t). Give o(10).
-5
Suppose -5*t = 4*o + 52, -2*t - o = o + 20. Let h(g) = -74*g**2 + 4 + 4*g - 7 + g**3 - 16*g + 49*g**2 + 36*g**2. Give h(t).
-3
Let d(n) = -4*n - n**3 + 5 + 15*n**2 - 64*n**2 + 21*n**2 + 29*n**2. What is d(4)?
-59
Let b(r) = -1. Let v(a) = a + 10. Let w(d) = -3*b(d) - v(d). Suppose -2*k - 33 + 10 = 3*j, 32 = -5*j + 3*k. What is w(j)?
0
Suppose -6*r + 24 = -3*r. Suppose 0 = -20*m + 16*m + 28. Let z(t) = -24 + t**2 + 26 - 15*t + m*t. Determine z(r).
2
Let k(d) = d**3 + 4*d**2 - 13*d - 6. Let u be k(-6). Let o(f) = -f**2 + 8*f - 10. Let h be o(6). Let c(i) = 5*i - 2*i + 6 - i**3 + i**2 - 4 - h*i. Give c(u).
2
Let q(y) = -2*y**3 - 2*y**2 - 20*y. Let w(d) = 3*d**3 + 5*d**2 + 32*d. Let c(g) = -5*q(g) - 3*w(g). Give c(3).
-6
Let q(b) = -b - 1. Let t = 3935 - 3932. Let a(n) = -4*n + 11. Let h(o) = -8*o + 23. Let w(f) = 9*a(f) - 4*h(f). Let p be w(t). Determine q(p).
4
Suppose 5*q - 4*y - 15 = -80, 2*q + 43 = 5*y. Let k(t) = -3*t - 83. Give k(q).
-56
Let h(b) = 5240*b**2 - 8. Let f(z) = -27073*z**2 - z + 42. Let p(g) = -6*f(g) - 31*h(g). Let o(m) = -5*m + 1. Let w be o(1). Let x = w - -8. What is p(x)?
-12
Let y(i) = -i**2 + 9*i + 1. Suppose -3*v = -w - 56, -132 = 3*w + 6*v - 3*v. Let h = 585 - 640. Let c = w - h. Determine y(c).
9
Let d = 7821 - 7823. Let t(m) = 2*m**2 + 6*m + 3. What is t(d)?
-1
Let k(y) = -3006*y + 2 - 1 - 3011*y + 6015*y. Suppose 3*v - 2*v - 8 = 0. Let a be -3*6/9 + v. Give k(a).
-11
Let i(b) = 3*b**3 + 36*b**2 - 8*b + 51. Let j(h) = h**3 + 12*h**2 - 3*h + 17. Suppose -z = 7 - 3. Let w(r) = z*i(r) + 11*j(r). Calculate w(-12).
-5
Suppose 0*v - 2*v = 0. Let c(u) = u + 1. Let d(l) = l**2 - 7*l - 8. Let b(k) = -6*k - 7. Let a be b(-1). Let n(o) = a*d(o) - 6*c(o). What is n(v)?
2
Suppose 4*t + 100 = -5*v, 3*t + 3*v = 7*t + 36. Let f(k) = -2*k**2 - 31*k - 24. Calculate f(t).
-9
Let h be (-40)/4 - (25/50)/(1/(-6)). Let b(j) = j + 28. What is b(h)?
21
Let w(m) = 2*m**3 + m**2 - m + 1. Let o(p) = 128*p - 393*p + 129*p + 13*p**3 + 132*p + p**2. Let s(h) = o(h) - 6*w(h). Give s(5).
4
Let l(f) = f**2 + f + 1. Let c(x) be the second derivative of 2*x**3/3 - 73*x**2/2 + 12